{"id":129,"date":"2019-04-30T12:14:14","date_gmt":"2019-04-30T12:14:14","guid":{"rendered":"http:\/\/flythemesdemo.net\/building\/?page_id=129"},"modified":"2024-10-22T16:16:22","modified_gmt":"2024-10-22T21:16:22","slug":"services","status":"publish","type":"page","link":"https:\/\/atixgas.com\/?page_id=129","title":{"rendered":"Servicios"},"content":{"rendered":"<p><section class=\"section-content \" style=\" \">\r\n\t\t\t\t<div class=\"container\">\r\n\t\t\t\t\t<div class=\"wow fadeInUp\" data-wow-duration=\"3s\">\r\n\t\t\t\t\t\t<div class=\"section_head\">\r\n\t\t\t\t\t\t\t<h2 class=\"section_title\">Servicios<\/h2>\r\n\t\t\t\t\t\t\t<p><\/p>\r\n\t\t\t\t\t\t<\/div><!-- section head -->\r\n\t\t\t\t\t\t<p>\n<div class=\"one_third \"><div class=\"image_info_box\"><div class=\"image_info_box_thumb\"><img decoding=\"async\" src=\"https:\/\/atixgas.com\/wp-content\/uploads\/2024\/10\/30622.jpg\"><div class=\"image_info_box_link\"><a href=\"https:\/\/atixgas.com\/?page_id=129\"><i class=\"far fa-link\"><\/i><\/a><\/div><\/div><div class=\"image_info_box_cont\"><h2>Fabricaciones<\/h2><p> Fabricamos tanques de GLP, cisternas de GLP, graneleros de GLP, etc. <\/p><a href=\"https:\/\/atixgas.com\/?page_id=129\"><\/a><\/div><\/div><\/div> <div class=\"one_third \"><div class=\"image_info_box\"><div class=\"image_info_box_thumb\"><img decoding=\"async\" src=\"https:\/\/atixgas.com\/wp-content\/uploads\/2024\/10\/30622.jpg\"><div class=\"image_info_box_link\"><a href=\"https:\/\/atixgas.com\/?page_id=129\"><i class=\"far fa-link\"><\/i><\/a><\/div><\/div><div class=\"image_info_box_cont\"><h2>Mantenimientos<\/h2><p> Realizamos mantenimientos para las plantas envasadoras, estaciones de servicios, cisternas, tanques, instalaciones GLP en general. <\/p><a href=\"https:\/\/atixgas.com\/?page_id=129\"><\/a><\/div><\/div><\/div> <div class=\"one_third  last_column\"><div class=\"image_info_box\"><div class=\"image_info_box_thumb\"><img decoding=\"async\" src=\"https:\/\/atixgas.com\/wp-content\/uploads\/2024\/10\/30622.jpg\"><div class=\"image_info_box_link\"><a href=\"https:\/\/atixgas.com\/?page_id=129\"><i class=\"far fa-link\"><\/i><\/a><\/div><\/div><div class=\"image_info_box_cont\"><h2>Construcciones<\/h2><p> Realizamos adecuaciones y construcciones necesarias para la correcta adecuaci\u00f3n de los equipos GLP. <\/p><a href=\"https:\/\/atixgas.com\/?page_id=129\"><\/a><\/div><\/div><\/div><div class=\"one_third \"><div class=\"image_info_box\"><div class=\"image_info_box_thumb\"><img decoding=\"async\" src=\"https:\/\/atixgas.com\/wp-content\/uploads\/2024\/10\/30622.jpg\"><div class=\"image_info_box_link\"><a href=\"https:\/\/atixgas.com\/?page_id=129\"><i class=\"far fa-link\"><\/i><\/a><\/div><\/div><div class=\"image_info_box_cont\"><h2>Desarrollo de Ingenier\u00eda<\/h2><p> Generamos la planificaci\u00f3n, desarrollamos los planos sobre los proyectos a desarrollar o desarrollados. <\/p><a href=\"https:\/\/atixgas.com\/?page_id=129\"><\/a><\/div><\/div><\/div> <div class=\"one_third \"><div class=\"image_info_box\"><div class=\"image_info_box_thumb\"><img decoding=\"async\" src=\"https:\/\/atixgas.com\/wp-content\/uploads\/2024\/10\/30622.jpg\"><div class=\"image_info_box_link\"><a href=\"https:\/\/atixgas.com\/?page_id=129\"><i class=\"far fa-link\"><\/i><\/a><\/div><\/div><div class=\"image_info_box_cont\"><h2>Sistemas Contra Incendios<\/h2><p> Abarcamos la principal acci\u00f3n de ingenier\u00eda que se tiene para reducir el riesgo de GLP. Dise\u00f1amos, suministramos, instalamos y mantenemos instalaciones de SCI. <\/p><a href=\"https:\/\/atixgas.com\/?page_id=129\"><\/a><\/div><\/div><\/div> <div class=\"one_third  last_column\"><div class=\"image_info_box\"><div class=\"image_info_box_thumb\"><img decoding=\"async\" src=\"https:\/\/atixgas.com\/wp-content\/uploads\/2024\/10\/30622.jpg\"><div class=\"image_info_box_link\"><a href=\"https:\/\/atixgas.com\/?page_id=129\"><i class=\"far fa-link\"><\/i><\/a><\/div><\/div><div class=\"image_info_box_cont\"><h2>Instalaci\u00f3n de Protecci\u00f3n Cat\u00f3dica<\/h2><p>Con el fin de alargar la vida de un tanque o tuber\u00eda enterrada, realizamos instalaciones de protecci\u00f3n cat\u00f3dica. <\/p><a href=\"https:\/\/atixgas.com\/?page_id=129\"><\/a><\/div><\/div><\/div> <div class=\"clear\"><\/div><\/p>\n\r\n\t\t\t\t\t<\/div><!-- animation class -->\r\n\t\t\t\t<\/div><!-- container class -->\t\t\t\t\t\t\t\t\r\n\t\t\t<\/section><!-- section --><br \/>\n<section class=\"section-content pb-40\" style=\" background-color:#f7f7f7;\">\r\n\t\t\t\t<div class=\"container\">\r\n\t\t\t\t\t<div class=\"wow fadeInUp\" data-wow-duration=\"3s\">\r\n\t\t\t\t\t\t\r\n\t\t\t\t\t\t<div class=\"one_fourth \">\n<h3>SOLUCIONES INTEGRALES GLP<\/h3>\n<p>Ofrecemos un servicio completo que abarca desde la instalaci\u00f3n hasta el mantenimiento de sistemas GLP, adapt\u00e1ndonos a las necesidades espec\u00edficas de cada cliente.<\/div><div class=\"one_fourth \"><\/p>\n<h3>EXPERIENCIA ESPECIALIZADA<\/h3>\n<p>Nuestro equipo de ingenieros certificados cuenta con amplia experiencia en todos los aspectos del GLP, garantizando un servicio de calidad y seguridad.<\/div><div class=\"one_fourth \"><\/p>\n<h3>TECNOLOG\u00cdA DE VANGUARDIA<\/h3>\n<p>Utilizamos las \u00faltimas innovaciones tecnol\u00f3gicas en el sector del GLP para optimizar la eficiencia y seguridad en todos nuestros servicios.<\/div><div class=\"one_fourth  last_column\"><\/p>\n<h3>RESPUESTA R\u00c1PIDA Y EFICIENTE<\/h3>\n<p>Nos comprometemos a ofrecer tiempos de respuesta \u00e1giles, ya sea para mantenimientos programados o atenci\u00f3n de emergencias, minimizando interrupciones en su operaci\u00f3n.<\/div><div class=\"clear\"><\/div><\/p>\n\r\n\t\t\t\t\t<\/div><!-- animation class -->\r\n\t\t\t\t<\/div><!-- container class -->\t\t\t\t\t\t\t\t\r\n\t\t\t<\/section><!-- section --><\/p>\n","protected":false},"excerpt":{"rendered":"<p>\t\t\t\t<![CDATA[]]>\t\t<\/p>\n","protected":false},"author":1,"featured_media":0,"parent":0,"menu_order":0,"comment_status":"closed","ping_status":"closed","template":"template-full-screen.php","meta":{"footnotes":""},"class_list":["post-129","page","type-page","status-publish","hentry"],"_links":{"self":[{"href":"https:\/\/atixgas.com\/index.php?rest_route=\/wp\/v2\/pages\/129","targetHints":{"allow":["GET"]}}],"collection":[{"href":"https:\/\/atixgas.com\/index.php?rest_route=\/wp\/v2\/pages"}],"about":[{"href":"https:\/\/atixgas.com\/index.php?rest_route=\/wp\/v2\/types\/page"}],"author":[{"embeddable":true,"href":"https:\/\/atixgas.com\/index.php?rest_route=\/wp\/v2\/users\/1"}],"replies":[{"embeddable":true,"href":"https:\/\/atixgas.com\/index.php?rest_route=%2Fwp%2Fv2%2Fcomments&post=129"}],"version-history":[{"count":16,"href":"https:\/\/atixgas.com\/index.php?rest_route=\/wp\/v2\/pages\/129\/revisions"}],"predecessor-version":[{"id":549,"href":"https:\/\/atixgas.com\/index.php?rest_route=\/wp\/v2\/pages\/129\/revisions\/549"}],"wp:attachment":[{"href":"https:\/\/atixgas.com\/index.php?rest_route=%2Fwp%2Fv2%2Fmedia&parent=129"}],"curies":[{"name":"wp","href":"https:\/\/api.w.org\/{rel}","templated":true}]}}